14?
14
Let p = 11 - -9. Suppose 4*x - j - p = 0, -2*j - 20 = -5*x + x. Let s = 33 + -8. Calculate the greatest common factor of x and s.
5
Suppose -3*y + 33 = 3*h, 3*y - 21 = -4*h + 20. Let l be (-275)/(-175) - 3/(-7). What is the greatest common factor of h and l?
2
Suppose -z = -0 - 9. Suppose 1 = -4*v + z. Suppose -35 - 31 = -3*c. Calculate the highest common factor of v and c.
2
Let q = -5 - 8. Let x = 28 + q. Let n = 57 - 51. What is the highest common divisor of x and n?
3
Suppose 2*t = -4*g + 18, 2*t + 3*g = -2*t + 21. Let k be -3*(1 + 8/(-6)). Calculate the greatest common factor of k and t.
1
Let t = 5 + -8. Let q(f) = -2*f + 2*f**2 + 0*f**2 + 5*f + 1. Let o be q(t). Calculate the greatest common factor of o and 70.
10
Suppose 0 = 3*u - 0*u - 81. Calculate the greatest common factor of 3 and u.
3
Suppose 92 = 2*d - 3*n - 2*n, -d + n + 40 = 0. Suppose -4*q - 16 = 0, 9 = -t - 2*q + 55. What is the highest common divisor of d and t?
18
Suppose 0 = z - 2*t - 4, t = -2*z - 0*z + 3. Let o be (640/24)/(z/6). Calculate the greatest common divisor of 8 and o.
8
Let f = -130 + 262. Calculate the highest common divisor of 22 and f.
22
Let l be (-2)/(-1) + -1 - -55. Suppose 5*a + 2*d = 90, -5*a - l = 5*d - 161. Let p be 18 + -1*(-2 + 4). Calculate the greatest common divisor of p and a.
16
Let z(r) = -5*r. Let n be z(1). Let t = n + 6. Calculate the highest common divisor of t and 8.
1
Suppose 191 - 596 = -5*z. Calculate the greatest common factor of 54 and z.
27
Suppose 260 = 3*g - 5*s, 17 = -4*g - 2*s + 329. Let d(l) = 17*l - 2. Let p be d(2). What is the highest common divisor of p and g?
16
Suppose -4*i - i + 450 = 0. Let s be (i/4)/(6/24). What is the greatest common factor of s and 10?
10
Suppose 0*u - 23 = -u. What is the highest common divisor of u and 23?
23
Let d(y) = -22*y - 7. Let j(t) = 111*t + 34. Let h(g) = 11*d(g) + 2*j(g). Let z be h(-9). Calculate the highest common factor of 19 and z.
19
Suppose 4*b - g - 235 = 0, -35 = b - 2*b + 5*g. Calculate the greatest common factor of 24 and b.
12
Let q = -21 + 76. Let p be (-1)/2*-2 + q. What is the highest common factor of 7 and p?
7
Suppose -4*s + 0*s = -44. Let j = s - 3. Suppose 0 = 3*c - 5*c + 112. What is the highest common divisor of j and c?
8
Let s(x) = -x**2 - 2*x + 2. Let i be s(-4). Let p be -3 + i*(-3 + 2). What is the highest common factor of p and 21?
3
Suppose -5*z - 31 + 84 = -a, 3*a + 9 = 0. What is the highest common factor of 80 and z?
10
Suppose 2*d - 280 - 500 = 0. Let y be d/9*18/12. Let o = -26 + 39. Calculate the highest common factor of y and o.
13
Let s(a) = -14*a + 2. Let f be s(-1). Let i be (-8)/f*1*-16. What is the highest common divisor of 64 and i?
8
Let d be ((-6)/(-8))/((-5)/40). Let x(w) = -15*w - 2. Let n be x(d). What is the highest common divisor of n and 11?
11
Suppose 2*f = -2*y - 0*f + 14, -y - 5*f + 15 = 0. What is the highest common divisor of y and 5?
5
Let f = -16 + 24. Let l be 3*(38/3 + 0). Suppose -3*k = l - 110. Calculate the greatest common divisor of f and k.
8
Let u = 9 - 16. Let x = -3 - u. Suppose -3*d + d = -3*o - 78, -x*o + 16 = 0. Calculate the highest common factor of d and 18.
9
Let x = 2 - 0. Suppose 5*b - i - 7 = 0, x*i + 0*i + 7 = 3*b. Let w = 1 + b. What is the highest common factor of w and 18?
2
Let a(g) = 2*g**2 - 3*g + 4. Let t be a(5). Let w = t - 23. What is the highest common divisor of w and 32?
16
Suppose -3*l = 5*m - 232, 3*m + 2*l - 91 - 49 = 0. Calculate the highest common divisor of m and 4.
4
Let o(j) = -4*j + 12. Let f be o(-3). Calculate the highest common factor of 12 and f.
12
Suppose -3*s - 540 = -7*s. Let r = 26 - 5. Let j = 36 - r. Calculate the highest common divisor of s and j.
15
Suppose 4 + 0 = b. What is the greatest common divisor of 6 and b?
2
Suppose 13 = 5*k - 7. Suppose -2*h - k*r + 8 + 20 = 0, -3*h = -r - 14. Calculate the highest common factor of h and 24.
6
Let m(w) = -w**2 - 9*w - 1. Let x be m(-5). What is the highest common factor of 57 and x?
19
Suppose -p = -4*f - 2*p + 116, -5*f + 4*p = -124. What is the highest common factor of f and 140?
28
Suppose 0*a + 21 = 3*a. Let b be a/(-2)*(-5 - -3). Calculate the highest common divisor of b and 14.
7
Suppose 2*g + 0*g - 45 = -3*m, 0 = -5*g + m + 155. What is the highest common divisor of g and 75?
15
Let q(o) = o**3 - o**2 - o + 34. Let x be q(0). Let k be (-2)/(3 - (-53)/(-17)). Calculate the highest common factor of k and x.
17
Let q = -7 + 13. Suppose -q*p + 4*p = -6. Suppose -a - 176 = -2*h + 3*a, p*a = -h + 88. What is the highest common factor of 11 and h?
11
Let f be 17 + -11 - (1 - 2). What is the highest common divisor of f and 35?
7
Let i(z) = z**3 - 4*z**2 - 6*z - 2. Let w be i(5). Let c = w - -7. Let a be 1 - (-1 - c - 2). Calculate the greatest common divisor of 28 and a.
4
Let q = 2 + -3. Suppose -2*t - t - 10 = 2*i, -2*t - 10 = 2*i. Let j be q/((i + 2)/81). Calculate the highest common factor of j and 9.
9
Let d = 65 - -10. What is the highest common divisor of 15 and d?
15
Let v(o) be the third derivative of -o**4/4 - 8*o**3/3 + o**2. Let x be v(-11). Calculate the highest common divisor of x and 20.
10
Let p(h) = h + 13. Let r be p(-6). Let q(u) = 2*u - 10. Let i be q(r). Let a be -2*(-1)/(i/18). Calculate the greatest common factor of a and 9.
9
Suppose 3*r - 1 = -4. Let c = 19 + r. Suppose -4*i + 108 = -0*i. Calculate the greatest common divisor of c and i.
9
Suppose 66*s = 61*s + 160. Calculate the highest common factor of s and 2.
2
Let h = 135 + -90. Calculate the highest common factor of 45 and h.
45
Let j(u) = -u**3 - 4*u**2 - 3*u - 6. Let x be j(-6). Calculate the greatest common factor of 12 and x.
12
Let y be (-81)/(-12)*(-80)/(-3). What is the highest common factor of y and 20?
20
Suppose 23*y = 27*y - 300. What is the highest common factor of y and 125?
25
Let f be 2/(-4) + (2 - 69/(-6)). Calculate the highest common divisor of f and 26.
13
Suppose 5*x = 122 - 47. Let d(b) = -b**2 - 6*b - 5. Let n be d(-5). Let s be 5 + (n/1)/2. What is the highest common factor of x and s?
5
Let l = -41 - -58. Let w = l - 16. Calculate the greatest common factor of w and 10.
1
Let p(x) = 12*x - 5. Let c(o) = 24*o - 11. Let f(n) = 4*c(n) - 9*p(n). Let m be f(-1). What is the highest common factor of 26 and m?
13
Suppose -i = 2*i - 96. What is the greatest common divisor of 80 and i?
16
Let g = 10 - 0. Suppose -22 = 4*t - 82. What is the highest common divisor of g and t?
5
Suppose 0 = -f + 157 - 5. Suppose 132 = 5*b + 37. What is the greatest common divisor of b and f?
19
Suppose -21*c + 18*c + 4*i = -40, 5*c = -2*i + 84. Let s(g) = g - 1. Let u be s(3). Calculate the greatest common factor of u and c.
2
Let v = 73 - -70. What is the greatest common divisor of 13 and v?
13
Suppose 7*w - 240 = -w. What is the greatest common divisor of 10 and w?
10
Let t be (12/(-7))/(15/(-70)). What is the highest common divisor of t and 28?
4
Suppose 3*q - 5*q + 112 = 0. Let a(s) = s**3 - 11*s**2 + 12*s - 13. Suppose 0 = -5*l - 0*l + 50. Let m be a(l). What is the greatest common divisor of m and q?
7
Let i = -13 + 22. Calculate the greatest common divisor of i and 45.
9
Let s = 8 - 5. Suppose -5*a - 4*o + 8*o = -78, s*a = 2*o + 46. Calculate the greatest common divisor of 56 and a.
14
Let g be 30/4 - 3/(-2). Let i be (8/2)/(-1 + 2). Suppose -i*t + t + 3 = 0. What is the greatest common factor of t and g?
1
Let f = 9 - 15. Let r = -19 + 32. Let n = f + r. Calculate the highest common factor of 35 and n.
7
Suppose 5*o = -u - 2*u + 82, o = -5*u + 34. Suppose -46 = -b - 4*s + o, -3*b + 150 = 2*s. Calculate the greatest common divisor of b and 12.
12
Suppose -6*j + 1220 = -j. Let c be (-8)/20 + j/10. Calculate the highest common divisor of 12 and c.
12
Let m(j) = 46*j**2 + 2*j - 1. Let y be m(1). Let r = -4 + 6. Suppose 0 = -4*w + r*a + 62, -2*w + a + y = w. Calculate the greatest common divisor of 24 and w.
8
Let i = 13 - 9. Suppose -i*c = -20, j = 4*j + 4*c - 407. Let w = j + -89. Calculate the greatest common factor of 8 and w.
8
Suppose 0 = -4*r - 8, -4*s - 3*r + 0*r + 58 = 0. Let p(x) = -x**2 - x + 64. Let b be p(0). What is the greatest common factor of b and s?
16
Suppose p + 32 = -3*p. Suppose 0 = -3*n - 4*l + 37, -6*n = -3*n + 5*l - 38.